 u(-8). Let v be 11*1 - p/4. Let k = v + -5. What are the prime factors of k?
2, 3
Let d be (3 + 0)*(-2)/(-3). Suppose -5*p - 33 = -4*o, 0 = -p - 2*p + 9. Suppose -6 = -2*h + r, -r + o = d*h + r. List the prime factors of h.
2
Let b(q) = -6*q - 6. Let c(r) = r**2 - r - 1. Let s(k) = -b(k) + 2*c(k). Let y = 3 - 6. List the prime factors of s(y).
2, 5
Let t(r) = -r**3 - 4*r**2 + 3*r - 5. Let q be t(-5). Suppose 3*z - 49 = 5*d, 2*d = -q*z - 3 + 64. List the prime factors of z.
13
Let m be (-6)/(6*2/8). Let g(x) = 4*x + 5. Let k(v) = -v - 1. Let b(c) = 2*g(c) + 9*k(c). List the prime factors of b(m).
5
Let d(n) = -3*n + 0*n**2 - n**3 + 0*n + 5*n**2. Let r be d(4). Suppose v = -r*b + 8, -2*v - 5*b = -3*b - 16. List the prime factors of v.
2
Let c(r) = -r**2 + 9*r + 3. Suppose -2*h - 1 = 2*o + o, -3*h + 15 = -o. Let j be -1*h*(4 - 6). What are the prime factors of c(j)?
11
Suppose -14 - 6 = -2*d. Let b = -3 + d. List the prime factors of b.
7
Let w(g) = -g**2 - 11*g - 13. Suppose -3*m + 5*m = -18. What are the prime factors of w(m)?
5
Let g = 66 + 291. What are the prime factors of g?
3, 7, 17
Let p be (-2)/6 + (-38)/(-6). Suppose -s - 30 = -p*s. What are the prime factors of s?
2, 3
Let x = 3 - -2. Suppose 0 = 3*d + 2*d + 4*s - 81, 4*s + 49 = x*d. List the prime factors of d.
13
Suppose l = -5*c + 95 - 1, -5*l + 407 = 4*c. What are the prime factors of l?
79
Let z be 2616/30 - (-1)/(-5). Suppose 5*x + n = -2*n + 118, -5*n - z = -4*x. List the prime factors of x.
23
Let b = -2 + 7. Let p(x) = 3*x**2 - b - 3*x - 1 - 2*x**2. What are the prime factors of p(6)?
2, 3
Suppose -5*w + 227 = v, -4*w - 3*v + 130 = -56. List the prime factors of w.
3, 5
List the prime factors of (60/18)/5 - 554/(-6).
3, 31
Let p = 41 - -114. List the prime factors of p.
5, 31
Suppose 10*l + 96 = 6*l. What are the prime factors of (l/(-15))/(8/100)?
2, 5
Let u(i) = i + 11. What are the prime factors of u(-6)?
5
Suppose 0 = 3*c - 2*c - 9. List the prime factors of c.
3
Let c = -22 + 47. Suppose c = 2*g + 3*g. Suppose -g*x + 64 = -6. What are the prime factors of x?
2, 7
Suppose 4*c + 0*f - 20 = -3*f, 0 = f - 4. Suppose -20 = -c*t - 2. What are the prime factors of t?
3
Suppose -h + 8 = -0*h. Suppose 0 = -5*d + 25, 0*d + 8 = -l + 2*d. Suppose -h = -6*k + l*k. What are the prime factors of k?
2
Suppose 0 = y + 3*y - 16. Suppose -20 = y*x - 9*x - u, -5*x = 5*u. Suppose x*a + 3*f - 29 = 0, 3*a - 25 = -0*f + 2*f. List the prime factors of a.
7
Suppose -3 - 3 = -b. What are the prime factors of b/9 + (-21)/(-9)?
3
Suppose 3*l + 113 = 5*c - l, -81 = -3*c - 2*l. Suppose -5*p + 160 = c. What are the prime factors of p?
3
Suppose 0*g = 3*g. Suppose 0 = -g*j + 2*j + 18. Let a = 13 + j. List the prime factors of a.
2
Suppose -b + y + 0 + 4 = 0, -y = 2*b - 8. Suppose 0 = 3*l + 2*x - 13 - 25, 34 = 5*l - b*x. What are the prime factors of l?
2, 5
Suppose 0*t - t = 2*r - 31, -t - 3*r + 26 = 0. List the prime factors of t.
41
Let k = -139 - -161. List the prime factors of k.
2, 11
Suppose -y + 0 = -7. Let n(w) = w**3 - 7*w**2 - 4*w. Let x be n(y). Let m = x - -40. List the prime factors of m.
2, 3
Suppose 384 - 142 = v. List the prime factors of v.
2, 11
Suppose 0 = 11*p - 6*p - 420. List the prime factors of p.
2, 3, 7
Let w(y) = -y**2 - 4*y + 1. Let v be w(-3). Suppose v*p + 4*b - 68 = 0, p + 7 = 2*p + 3*b. What are the prime factors of p?
2, 11
Suppose -2*h - 4*r = -0 - 24, 1 = r. Suppose -4*y = -h - 14. What are the prime factors of y?
2, 3
Suppose -9*u + 5*u + 1428 = 5*h, -1428 = -4*u + 2*h. List the prime factors of u.
3, 7, 17
Suppose 0 = -3*i + 3 + 6. Suppose -v + 48 = i*v. List the prime factors of v.
2, 3
Suppose 2*t - 4*s + 6*s = 78, 5*t - 179 = -s. What are the prime factors of t?
5, 7
Let m(f) = -f + 7. Let y be m(2). Suppose -10 = -y*r + 40. List the prime factors of r.
2, 5
Let t(p) be the first derivative of p**3/3 + 9*p - 1. Let u = 47 + -47. List the prime factors of t(u).
3
Suppose 0 = -5*t + 3*t + 132. List the prime factors of t.
2, 3, 11
Suppose -f + 3*i = -2, 2*f + i = -3*i + 4. Suppose 0 = -f*a - 2 + 20. Suppose -a = z - 2*z - 2*w, -63 = -2*z + 5*w. What are the prime factors of z?
19
Let h = 15 - 19. Let m(u) = -4*u**3 - 5*u**2 + 5*u - 1. Let d(f) = 9*f**3 + 11*f**2 - 10*f + 3. Let v(z) = 3*d(z) + 7*m(z). List the prime factors of v(h).
2, 7
Let s(y) = y**2 + 6. Let c be s(-6). Suppose -2*i + 5*i = c. What are the prime factors of i?
2, 7
Let i(x) = -20*x**2 + 2*x - 7. Let t(h) = -19*h**2 + 2*h - 6. Let r(l) = 5*i(l) - 6*t(l). What are the prime factors of r(1)?
13
Suppose -5*w = -3*s - 6, 0*w + w = 4*s + 8. Let m = 1 - s. Suppose 12 = m*l - l. What are the prime factors of l?
2, 3
Let s(l) = -3*l**3 - 2*l**2 - 3*l - 2. Let i be s(-1). Suppose -127 = -i*w + 5*h, 27 = w + 2*h - 14. List the prime factors of w.
3, 17
Suppose 6*q + 220 = 11*q. List the prime factors of q.
2, 11
Let i = 0 + 4. Let p(o) = 5*o. Let u be p(i). Let k = 31 - u. What are the prime factors of k?
11
Let t be ((-4)/(-6))/((-2)/(-27)). Let r(l) = l**2 - 9*l + 5. Let u be r(t). Suppose -5*q + 30 = u*j, 10 = 2*j + 2*q + 2*q. What are the prime factors of j?
7
Suppose -g + 2*s + 6 = -3*g, 0 = -5*g - s + 1. Suppose 2*f + 4 = d, -3*d + 0 = 5*f - g. What are the prime factors of d?
2
Let y(w) be the third derivative of w**5/20 + 5*w**4/24 - 2*w**3/3 + 2*w**2. Let k be y(-4). Suppose 3*r - k = -r. List the prime factors of r.
2, 3
Suppose -5*a - 4*w + 2*w + 254 = 0, w = -a + 52. Let t = a + -29. List the prime factors of t.
3, 7
Let i = -11 + 16. What are the prime factors of i?
5
Suppose 3*d + 15 = 0, 11 = -3*f + d - 5. Let a(m) = -m**2 - 10*m + 8. What are the prime factors of a(f)?
29
Let l = -3 + 5. Suppose 8*q - 11*q = -6. List the prime factors of l/(-1)*(-9)/q.
3
Suppose 5*f - 4*q = -3*q + 88, -3*q + 8 = f. What are the prime factors of f?
17
Let c(y) = y**3 + 14*y**2 - 17*y - 15. Let k be c(-15). Suppose 2*o + 3*j = -0*j + 10, -3*o + j = -k. List the prime factors of o.
5
Suppose 13*r - 16*r + 48 = 0. What are the prime factors of 1/((r/(-4))/(-68))?
17
Let m(k) = -14*k. Let i be m(-3). Let u = i - 1. List the prime factors of u.
41
Let t = 6 + -3. Suppose 23 - 8 = t*h. Suppose 2*z = -4*k - 0*k + 22, 4*z - 18 = h*k. What are the prime factors of z?
7
Suppose 56 = 3*z + 4*b - 350, b = -2*z + 269. List the prime factors of z.
2, 67
Suppose -n - n = 0. Suppose -2*x + 0*x - 4 = n. List the prime factors of (-96)/(-10) - x/5.
2, 5
Let f = -76 - -195. List the prime factors of f.
7, 17
Let r(d) = d + 6 + 9 - 2*d. Let s(j) = j**2 - j - 5. Let i be s(4). What are the prime factors of r(i)?
2
Let l = -6 + 4. Suppose -5*x - m - 17 = 0, -x + 11 = 4*m + m. What are the prime factors of l/(-3*x/(-66))?
11
Suppose 3*h + 5*p = 22, 4*h + 5*p = -9 + 35. Suppose 0 = 4*q - i - 37, -h*i - 9 = -7*i. Suppose 0 = -0*j - j + q. What are the prime factors of j?
2, 5
Let n = 24 + -16. Let c = -4 + n. Suppose t = -c*t + 50. What are the prime factors of t?
2, 5
Suppose 0 = 4*q - 1389 + 217. List the prime factors of q.
293
What are the prime factors of 56/3*(14 - 11)?
2, 7
Let w(x) = 3*x**3 + x**2 - 3*x - 3. List the prime factors of w(3).
2, 3, 13
Let x(a) = 11*a - 3. What are the prime factors of x(3)?
2, 3, 5
List the prime factors of (-502)/(-8)*36/9.
251
Let q be 62/2 - (-1 - -1). Let t = 55 - q. List the prime factors of t.
2, 3
What are the prime factors of (-1)/(-3) - (-774)/27?
29
Suppose -3 = -2*x + n - 0, -3*x + 8 = 2*n. Let b be (0 + x + -1)*0. Suppose b*y = -2*y + 24. What are the prime factors of y?
2, 3
Let s(g) be the first derivative of -g**4/4 + 3*g**3 - 5*g**2 + 2*g + 3. Let o be s(8). Let k = o + 29. What are the prime factors of k?
3, 5
Let d(v) = -v**2 - 8*v. Let g be d(-8). Suppose -4*r + g*i - 44 = -i, -5*r - 64 = i. Let s = -3 - r. List the prime factors of s.
3
Let l = 11 + 46. List the prime factors of l.
3, 19
Suppose 5*t + 59 = 254. Suppose p + 0*p = 3*y - t, 2*y = -5*p + 9. List the prime factors of y.
2, 3
Let s = 7 + -12. Let a(n) = 2*n**2 + 5*n - 5. What are the prime factors of a(s)?
2, 5
Let z(o) = -1. Let s(t) = -5*t - 2*t**2 + 4*t**2 - t**2 + 11. Let a(v) = s(v) + 5*z(v). What are the prime factors of a(5)?
2, 3
Let j(h) = -h**3 - 4*h**2 + h. Let w be j(-4). Let t = 28 + -14. List the